{"id":65,"date":"2021-08-21T12:55:40","date_gmt":"2021-08-21T10:55:40","guid":{"rendered":"http:\/\/www.lescheminsdinspiration.fr\/?page_id=65"},"modified":"2021-08-21T12:55:41","modified_gmt":"2021-08-21T10:55:41","slug":"mentions-legales","status":"publish","type":"page","link":"https:\/\/www.lescheminsdinspiration.fr\/index.php\/mentions-legales\/","title":{"rendered":"Mentions l\u00e9gales"},"content":{"rendered":"\n<h2>Informations g\u00e9n\u00e9rales<\/h2>\n\n\n\n<p><strong>Les Chemins d&rsquo;Inspiration<\/strong> appartiennent \u00e0 Carole Chevalier &#8211; num\u00e9ro de Siret : 89793557300013 &#8211; Adresse \u00e9lectronique&nbsp;:&nbsp;<a href=\"mailto:carole.chevalier@humanaco.fr\">carole.chevalier@humanaco.fr<\/a> &#8211; Adresse postale&nbsp;: 9 rue Alfred Savour\u00e9 \u2013 94220 Charenton Le Pont et \u00e0 Michelle Zouari &#8211; num\u00e9ro de Siret  : 33527649900035 &#8211; Adresse \u00e9lectronique : <a href=\"mailto:michelle.zouari@gmail.com\">michelle.zouari@gmail.com<\/a> &#8211; Adresse postale : 4 rue des Clamarts &#8211; 94130 Nogent-Sur Marne.<\/p>\n\n\n\n<p>Le site www.lescheminsdinspiration (ci-apr\u00e8s le site) a \u00e9t\u00e9 r\u00e9alis\u00e9 par Les Chemins d&rsquo;Inspiration partir du CMS open-source WordPress. Il est \u00e9dit\u00e9 par Carole Chevalier et Michelle Zouari, co-directeurs de la publication du Site. L\u2019h\u00e9bergeur du Site est&nbsp;: OVH \u2013 2 rue kellermann BP 80157 59053 ROUBAIX CEDEX 1 \u2013 France, SAS au capital de 10 059 500,00 \u20ac \u2013 RCS Lille M\u00e9tropole 424 761 419 00045 \u2013 Code APE 2620Z \u2013 N\u00b0TVA FR FR22424761419.<\/p>\n\n\n\n<h2>Propri\u00e9t\u00e9 intellectuelle<\/h2>\n\n\n\n<p>Le Site et tous les \u00e9l\u00e9ments qui le compose (notamment les textes, articles, images, illustrations, photographies, bases de donn\u00e9es, logiciels) sont prot\u00e9g\u00e9s par le droit de la propri\u00e9t\u00e9 intellectuelle. La reproduction totale ou m\u00eame partielle des \u00c9l\u00e9ments de propri\u00e9t\u00e9 intellectuelle est interdite sans autorisation sp\u00e9cifique de la part des Chemins d&rsquo;inspiration.<br>L\u2019utilisateur n\u2019est autoris\u00e9 qu\u2019\u00e0 repr\u00e9senter les pages du Site sur son \u00e9cran et ne peut reproduire les \u00c9l\u00e9ments du Site qu\u2019\u00e0 titre temporaire et aux seules fins de consultation du Site. L\u2019utilisateur n\u2019est autoris\u00e9 qu\u2019\u00e0 t\u00e9l\u00e9charger et reproduire de mani\u00e8re durable, sur tout support, les publications de lescheminsdinspiration.fr, lorsque cette reproduction ou repr\u00e9sentation est faite \u00e0 des fins strictement personnelles, priv\u00e9es et non commerciales. L\u2019utilisateur s\u2019interdit de communiquer ces publications \u00e0 des tiers, y compris par courrier \u00e9lectronique et par mise \u00e0 disposition \u00e0 partir d\u2019un site internet ou d\u2019un serveur.<br>L\u2019utilisateur est autoris\u00e9 \u00e0 faire des courtes citations du Site, sous r\u00e9serve que soit pr\u00e9cis\u00e9 de mani\u00e8re apparente : l\u2019origine du document doit mentionner par exemple \u00ab&nbsp;extrait du site lescheminsdinspiration.fr\u00bb, le titre du document cit\u00e9 ou de la page cit\u00e9e, le nom de l\u2019auteur, la date du document si elle est connue.<\/p>\n\n\n\n<h2>Utilisation du Site<\/h2>\n\n\n\n<p>L\u2019ensemble des donn\u00e9es, informations et publications accessibles, repr\u00e9sent\u00e9es ou t\u00e9l\u00e9chargeables \u00e0 partir du Site n\u2019a aucun caract\u00e8re exhaustif. Ils sont communiqu\u00e9s \u00e0 titre informatif et n\u2019engage aucunement leurs auteurs, l\u2019\u00e9diteur, ni le directeur de la publication.<\/p>\n\n\n\n<p><strong>Les Chemins d&rsquo;Inspiration<\/strong> ne pourront en aucun cas \u00eatre tenu responsable de tout dommage direct ou indirect r\u00e9sultant de l\u2019utilisation par tout utilisateur des donn\u00e9es, informations ou publications accessibles ou t\u00e9l\u00e9chargeable \u00e0 partir du Site.<br><strong>Les Chemins d&rsquo;Inspiration<\/strong>  ne pourront en aucun cas \u00eatre tenu responsable au titre du contenu accessible \u00e0 partir des liens hypertextes publi\u00e9s sur le Site ou des fichiers t\u00e9l\u00e9chargeables \u00e0 partir des sites accessibles par des liens hypertextes depuis le Site.<br>La cr\u00e9ation et la publication d\u2019un lien hypertexte vers l\u2019une des pages du Site sont autoris\u00e9es, sous r\u00e9serve de l\u2019accord pr\u00e9alable et expr\u00e8s de  <strong>Les Chemins d&rsquo;Inspiration<\/strong>.<\/p>\n","protected":false},"excerpt":{"rendered":"<p>Informations g\u00e9n\u00e9rales Les Chemins d&rsquo;Inspiration appartiennent \u00e0 Carole Chevalier &#8211; num\u00e9ro de Siret : 89793557300013 &#8211; Adresse \u00e9lectronique&nbsp;:&nbsp;carole.chevalier@humanaco.fr &#8211; Adresse postale&nbsp;: 9 rue Alfred Savour\u00e9 \u2013 94220 Charenton Le Pont et \u00e0 Michelle Zouari &#8211; num\u00e9ro de Siret : 33527649900035 &#8211; Adresse \u00e9lectronique : michelle.zouari@gmail.com &#8211; Adresse postale : 4 [&hellip;]<\/p>\n","protected":false},"author":1,"featured_media":0,"parent":0,"menu_order":0,"comment_status":"closed","ping_status":"closed","template":"","meta":[],"yoast_head":"<!-- This site is optimized with the Yoast SEO plugin v17.7.1 - https:\/\/yoast.com\/wordpress\/plugins\/seo\/ -->\n<title>Mentions l\u00e9gales - Les Chemins d&#039;Inspiration<\/title>\n<meta name=\"description\" content=\"Mentions l\u00e9gales du site www.lescheminsdinspiration.fr . Coaching en d\u00e9veloppement personnel et professionnel, sommets digitaux et formation.\" \/>\n<meta name=\"robots\" content=\"index, follow, max-snippet:-1, max-image-preview:large, max-video-preview:-1\" \/>\n<link rel=\"canonical\" href=\"https:\/\/www.lescheminsdinspiration.fr\/index.php\/mentions-legales\/\" \/>\n<meta property=\"og:locale\" content=\"fr_FR\" \/>\n<meta property=\"og:type\" content=\"article\" \/>\n<meta property=\"og:title\" content=\"Mentions l\u00e9gales - Les Chemins d&#039;Inspiration\" \/>\n<meta property=\"og:description\" content=\"Mentions l\u00e9gales du site www.lescheminsdinspiration.fr . Coaching en d\u00e9veloppement personnel et professionnel, sommets digitaux et formation.\" \/>\n<meta property=\"og:url\" content=\"https:\/\/www.lescheminsdinspiration.fr\/index.php\/mentions-legales\/\" \/>\n<meta property=\"og:site_name\" content=\"Les Chemins d&#039;Inspiration\" \/>\n<meta property=\"article:modified_time\" content=\"2021-08-21T10:55:41+00:00\" \/>\n<meta name=\"twitter:card\" content=\"summary_large_image\" \/>\n<meta name=\"twitter:label1\" content=\"Dur\u00e9e de lecture estim\u00e9e\" \/>\n\t<meta name=\"twitter:data1\" content=\"2 minutes\" \/>\n<script type=\"application\/ld+json\" class=\"yoast-schema-graph\">{\"@context\":\"https:\/\/schema.org\",\"@graph\":[{\"@type\":\"WebSite\",\"@id\":\"https:\/\/www.lescheminsdinspiration.fr\/#website\",\"url\":\"https:\/\/www.lescheminsdinspiration.fr\/\",\"name\":\"Les Chemins d&#039;Inspiration\",\"description\":\"Nous vous accompagnons sur votre chemin personnel\",\"potentialAction\":[{\"@type\":\"SearchAction\",\"target\":{\"@type\":\"EntryPoint\",\"urlTemplate\":\"https:\/\/www.lescheminsdinspiration.fr\/?s={search_term_string}\"},\"query-input\":\"required name=search_term_string\"}],\"inLanguage\":\"fr-FR\"},{\"@type\":\"WebPage\",\"@id\":\"https:\/\/www.lescheminsdinspiration.fr\/index.php\/mentions-legales\/#webpage\",\"url\":\"https:\/\/www.lescheminsdinspiration.fr\/index.php\/mentions-legales\/\",\"name\":\"Mentions l\\u00e9gales - Les Chemins d&#039;Inspiration\",\"isPartOf\":{\"@id\":\"https:\/\/www.lescheminsdinspiration.fr\/#website\"},\"datePublished\":\"2021-08-21T10:55:40+00:00\",\"dateModified\":\"2021-08-21T10:55:41+00:00\",\"description\":\"Mentions l\\u00e9gales du site www.lescheminsdinspiration.fr . Coaching en d\\u00e9veloppement personnel et professionnel, sommets digitaux et formation.\",\"breadcrumb\":{\"@id\":\"https:\/\/www.lescheminsdinspiration.fr\/index.php\/mentions-legales\/#breadcrumb\"},\"inLanguage\":\"fr-FR\",\"potentialAction\":[{\"@type\":\"ReadAction\",\"target\":[\"https:\/\/www.lescheminsdinspiration.fr\/index.php\/mentions-legales\/\"]}]},{\"@type\":\"BreadcrumbList\",\"@id\":\"https:\/\/www.lescheminsdinspiration.fr\/index.php\/mentions-legales\/#breadcrumb\",\"itemListElement\":[{\"@type\":\"ListItem\",\"position\":1,\"name\":\"Accueil\",\"item\":\"https:\/\/www.lescheminsdinspiration.fr\/\"},{\"@type\":\"ListItem\",\"position\":2,\"name\":\"Mentions l\\u00e9gales\"}]}]}<\/script>\n<!-- \/ Yoast SEO plugin. -->","yoast_head_json":{"title":"Mentions l\u00e9gales - Les Chemins d&#039;Inspiration","description":"Mentions l\u00e9gales du site www.lescheminsdinspiration.fr . Coaching en d\u00e9veloppement personnel et professionnel, sommets digitaux et formation.","robots":{"index":"index","follow":"follow","max-snippet":"max-snippet:-1","max-image-preview":"max-image-preview:large","max-video-preview":"max-video-preview:-1"},"canonical":"https:\/\/www.lescheminsdinspiration.fr\/index.php\/mentions-legales\/","og_locale":"fr_FR","og_type":"article","og_title":"Mentions l\u00e9gales - Les Chemins d&#039;Inspiration","og_description":"Mentions l\u00e9gales du site www.lescheminsdinspiration.fr . Coaching en d\u00e9veloppement personnel et professionnel, sommets digitaux et formation.","og_url":"https:\/\/www.lescheminsdinspiration.fr\/index.php\/mentions-legales\/","og_site_name":"Les Chemins d&#039;Inspiration","article_modified_time":"2021-08-21T10:55:41+00:00","twitter_card":"summary_large_image","twitter_misc":{"Dur\u00e9e de lecture estim\u00e9e":"2 minutes"},"schema":{"@context":"https:\/\/schema.org","@graph":[{"@type":"WebSite","@id":"https:\/\/www.lescheminsdinspiration.fr\/#website","url":"https:\/\/www.lescheminsdinspiration.fr\/","name":"Les Chemins d&#039;Inspiration","description":"Nous vous accompagnons sur votre chemin personnel","potentialAction":[{"@type":"SearchAction","target":{"@type":"EntryPoint","urlTemplate":"https:\/\/www.lescheminsdinspiration.fr\/?s={search_term_string}"},"query-input":"required name=search_term_string"}],"inLanguage":"fr-FR"},{"@type":"WebPage","@id":"https:\/\/www.lescheminsdinspiration.fr\/index.php\/mentions-legales\/#webpage","url":"https:\/\/www.lescheminsdinspiration.fr\/index.php\/mentions-legales\/","name":"Mentions l\u00e9gales - Les Chemins d&#039;Inspiration","isPartOf":{"@id":"https:\/\/www.lescheminsdinspiration.fr\/#website"},"datePublished":"2021-08-21T10:55:40+00:00","dateModified":"2021-08-21T10:55:41+00:00","description":"Mentions l\u00e9gales du site www.lescheminsdinspiration.fr . Coaching en d\u00e9veloppement personnel et professionnel, sommets digitaux et formation.","breadcrumb":{"@id":"https:\/\/www.lescheminsdinspiration.fr\/index.php\/mentions-legales\/#breadcrumb"},"inLanguage":"fr-FR","potentialAction":[{"@type":"ReadAction","target":["https:\/\/www.lescheminsdinspiration.fr\/index.php\/mentions-legales\/"]}]},{"@type":"BreadcrumbList","@id":"https:\/\/www.lescheminsdinspiration.fr\/index.php\/mentions-legales\/#breadcrumb","itemListElement":[{"@type":"ListItem","position":1,"name":"Accueil","item":"https:\/\/www.lescheminsdinspiration.fr\/"},{"@type":"ListItem","position":2,"name":"Mentions l\u00e9gales"}]}]}},"_links":{"self":[{"href":"https:\/\/www.lescheminsdinspiration.fr\/index.php\/wp-json\/wp\/v2\/pages\/65"}],"collection":[{"href":"https:\/\/www.lescheminsdinspiration.fr\/index.php\/wp-json\/wp\/v2\/pages"}],"about":[{"href":"https:\/\/www.lescheminsdinspiration.fr\/index.php\/wp-json\/wp\/v2\/types\/page"}],"author":[{"embeddable":true,"href":"https:\/\/www.lescheminsdinspiration.fr\/index.php\/wp-json\/wp\/v2\/users\/1"}],"replies":[{"embeddable":true,"href":"https:\/\/www.lescheminsdinspiration.fr\/index.php\/wp-json\/wp\/v2\/comments?post=65"}],"version-history":[{"count":3,"href":"https:\/\/www.lescheminsdinspiration.fr\/index.php\/wp-json\/wp\/v2\/pages\/65\/revisions"}],"predecessor-version":[{"id":135,"href":"https:\/\/www.lescheminsdinspiration.fr\/index.php\/wp-json\/wp\/v2\/pages\/65\/revisions\/135"}],"wp:attachment":[{"href":"https:\/\/www.lescheminsdinspiration.fr\/index.php\/wp-json\/wp\/v2\/media?parent=65"}],"curies":[{"name":"wp","href":"https:\/\/api.w.org\/{rel}","templated":true}]}}