{"id":3,"date":"2021-08-07T13:46:27","date_gmt":"2021-08-07T11:46:27","guid":{"rendered":"http:\/\/www.lescheminsdinspiration.fr\/?page_id=3"},"modified":"2021-11-17T13:25:25","modified_gmt":"2021-11-17T12:25:25","slug":"politique-de-confidentialite","status":"publish","type":"page","link":"https:\/\/www.lescheminsdinspiration.fr\/index.php\/politique-de-confidentialite\/","title":{"rendered":"Politique de confidentialit\u00e9"},"content":{"rendered":"\n<h3>Qui sommes-nous&nbsp;?<\/h3>\n\n\n\n<p>La pr\u00e9sente politique d\u2019utilisation des donn\u00e9es personnelles est faite conform\u00e9ment aux dispositions de la Loi n\u00b078-17 du 6 janvier 1978, dite \u00ab Loi informatique et libert\u00e9s \u00bb, et du R\u00e8glement\u00a0 G\u00e9n\u00e9ral sur la Protection des Donn\u00e9es Personnelles (\u00ab RGDP \u00bb). Derni\u00e8re mise \u00e0 jour le 13\/08\/2021.<br><strong>Identit\u00e9 et contact des responsables du traitement<\/strong>\u00a0:<br>Carole Chevalier &#8211; num\u00e9ro de Siret : 89793557300013 &#8211; Adresse \u00e9lectronique\u00a0:\u00a0<a href=\"mailto:carole.chevalier@humanaco.fr\">carole.chevalier@humanaco.fr<\/a> &#8211; Adresse postale\u00a0: 9 rue Alfred Savour\u00e9 \u2013 94220 Charenton Le Pont. <br>Et Michelle Zouari &#8211; num\u00e9ro de Siret  : 33527649900035 &#8211; Adresse \u00e9lectronique : <a href=\"mailto:michelle.zouari@gmail.com\">michelle.zouari@gmail.com<\/a> &#8211; Adresse postale : 4 rue des Clamarts &#8211; 94130 Nogent-Sur Marne.<br>Notre site : www.lescheminsdinsporation.com<\/p>\n\n\n\n<p><\/p>\n\n\n\n<h3>Utilisation des donn\u00e9es personnelles collect\u00e9es<\/h3>\n\n\n\n<p><strong>Registre des traitements et Personnes concern\u00e9es par les traitements :&nbsp;<\/strong>Le responsable de traitement n\u2019est pas tenu de tenir un registre des traitements.<br>Les personnes concern\u00e9es par les traitements sont les utilisateurs du site internet, <a href=\"http:\/\/www.lescheminsdinspiration.fr\">www.lescheminsdinspiration.fr<\/a>&nbsp;(ci-apr\u00e8s le \u00ab&nbsp;Site&nbsp;\u00bb), les clients, les prospects et membres des r\u00e9seaux d\u2019affaires (ci-apr\u00e8s les \u00ab&nbsp;Personnes concern\u00e9es&nbsp;\u00bb).<\/p>\n\n\n\n<p><strong>Les donn\u00e9es trait\u00e9es rel\u00e8vent des cat\u00e9gories de donn\u00e9es suivantes :<\/strong>&nbsp;Les donn\u00e9es relatives \u00e0 l\u2019identification des Personnes concern\u00e9es (nom, pr\u00e9nom, fonction professionnelle, adresse postale, adresse \u00e9lectronique, num\u00e9ro de t\u00e9l\u00e9phone).<\/p>\n\n\n\n<p><strong>Bases l\u00e9gales des traitements de donn\u00e9es \u00e0 caract\u00e8re personnel<\/strong>&nbsp;: Le responsable de traitement collecte des donn\u00e9es \u00e0 caract\u00e8re personnel des Personnes concern\u00e9es&nbsp;sur la base du consentement expr\u00e8s de ces derniers lorsque ce consentement est obligatoire, sur la base d\u2019un contrat auquel la personne concern\u00e9e est partie (directement ou en tant que repr\u00e9sentant l\u00e9gal) ou \u00e0 l\u2019ex\u00e9cution de mesures pr\u00e9contractuelles prises \u00e0 la demande de celle-ci, ou sur le fondement d\u2019un int\u00e9r\u00eat l\u00e9gitime.<\/p>\n\n\n\n<p><strong>Les donn\u00e9es \u00e0 caract\u00e8re personnel sont collect\u00e9es lorsque la Personne concern\u00e9e<\/strong>&nbsp;: contacte le responsable de traitement afin de b\u00e9n\u00e9ficier de prestations de services, qu\u2019elle s\u2019inscrit \u00e0 la newsletter (\u00e0 venir), qu\u2019elle utilise le formulaire de contact du Site (\u00e0 venir), qu\u2019elle entre en relation d\u2019affaires, est ou devient membre des m\u00eames r\u00e9seaux sociaux et\/ou professionnels.<\/p>\n\n\n\n<p><strong>Finalit\u00e9s du traitement des donn\u00e9es \u00e0 caract\u00e8re personnel<\/strong>&nbsp;: Les finalit\u00e9s des traitements sont les suivantes&nbsp;:<\/p>\n\n\n\n<ul><li>Gestion, traitement et suivi des dossiers clients<\/li><li>Gestion de la facturation client et du recouvrement<\/li><li>Comptabilit\u00e9 (notamment la gestion des comptes clients)<\/li><li>Constitution et gestion de fichiers clients<\/li><li>Constitution et gestion de fichiers prospects, membres des r\u00e9seaux d\u2019affaires, \u00e0 des fin de prospection commerciale<\/li><li>Gestion de lettres d\u2019information&nbsp;(newsletter \u00e0 venir)<\/li><li>Gestion d\u2019une liste d\u2019opposition au traitement de donn\u00e9es personnelles<\/li><\/ul>\n\n\n\n<p><strong>Sous-traitants<\/strong>&nbsp;: Les Personnes concern\u00e9es sont inform\u00e9es et acceptent que le responsable de traitement fasse appel \u00e0 des sous-traitants de leurs donn\u00e9es personnelles (notamment pour l\u2019h\u00e9bergement et la maintenance du site,&nbsp; la gestion de la comptabilit\u00e9, etc).<br>Le responsable de traitement a conclu un contrat avec chacun de ses sous-traitants respectant les obligations de la Loi informatique et libert\u00e9s et du RGPD. Chaque sous-traitant n\u2019agit que sur instructions du responsable de traitement et s\u2019engage \u00e0 offrir les m\u00eames garanties de protection des donn\u00e9es personnelles. Chaque sous-traitant met en \u0153uvre les mesures techniques et organisationnelles appropri\u00e9es de mani\u00e8re \u00e0 ce que les traitements de donn\u00e9es soient conformes aux exigences l\u00e9gales et r\u00e9glementaires.<br>Le responsable de traitement s\u2019engage \u00e0 faire appel uniquement \u00e0 des sous-traitants : \u00e9tabli dans un pays de l\u2019Union Europ\u00e9enne ou \u00e9tabli dans un pays pr\u00e9sentant un niveau de protection dit ad\u00e9quat au sens des autorit\u00e9s europ\u00e9ennes de protection des donn\u00e9es, ou disposant de garanties appropri\u00e9es en application de l\u2019article 46 du RGDP.<br>A d\u00e9faut, le transfert de donn\u00e9es ne pourra se faire que dans le respect de l\u2019article 49 du RGPD.<br>La liste des sous-traitants est tenue \u00e0 la disposition des Personnes concern\u00e9es sur demande \u00e9crite. Le responsable de traitement s\u2019engage \u00e0 informer les Personnes concern\u00e9es de l\u2019ajout ou changement de sous-traitant par courrier \u00e9lectronique dans les plus brefs d\u00e9lais, si ce changement a un impact n\u00e9gatif sur le traitement de ses donn\u00e9es. La Personne concern\u00e9e formulera toute observation ou objection par \u00e9crit dans les quinze jours \u00e0 compter de la r\u00e9ception de cette information. \u00c0 d\u00e9faut de r\u00e9ponse de la Personne concern\u00e9e dans ce d\u00e9lai, celle-ci reconna\u00eet avoir ainsi autoris\u00e9 ledit sous-traitant. Le responsable de traitement apportera, le cas \u00e9ch\u00e9ant, \u00e0 la Personne concern\u00e9e toute information permettant d\u2019\u00e9tablir la conformit\u00e9 du sous-traitant aux exigences de la r\u00e9glementation.<\/p>\n\n\n\n<p><strong>Dur\u00e9es de conservation des donn\u00e9es :<\/strong>&nbsp;Les donn\u00e9es \u00e0 caract\u00e8re personnel faisant l\u2019objet d\u2019un traitement automatis\u00e9 sont conserv\u00e9es sous une forme permettant l\u2019identification des Personnes concern\u00e9es pendant une dur\u00e9e n\u2019exc\u00e9dant pas celle n\u00e9cessaire aux finalit\u00e9s pour lesquelles elles sont enregistr\u00e9es :<br>\u2013 Gestion, traitement et suivi des dossiers clients&nbsp;: Les donn\u00e9es sont conserv\u00e9es le temps de la relation contractuelle puis pendant le temps de prescription de la responsabilit\u00e9 contractuelle.<br>\u2013 Gestion de la facturation client et du recouvrement&nbsp;: 10 ans<br>\u2013 La comptabilit\u00e9 et en particulier la gestion des comptes clients&nbsp;: 10 ans<br>\u2013 Constitution et gestion de fichiers clients&nbsp;: Les donn\u00e9es sont conserv\u00e9es le temps de la relation contractuelle puis pendant 3 ans \u00e0 des fins de prospection commerciale \u00e0 compter de la derni\u00e8re prise de contact (ou collecte) de la Personne concern\u00e9e<br>\u2013 Constitution et gestion de fichiers prospects et membre des r\u00e9seaux d\u2019affaires&nbsp;: 3 ans \u00e0 compter de la collecte<br>\u2013 Gestion de newsletter&nbsp;: Jusqu\u2019\u00e0 ce que la Personne se d\u00e9sabonne<br>\u2013 Prospection commerciale&nbsp;: 3 ans \u00e0 compter de leur collecte ou de la derni\u00e8re prise de contact de la Personne concern\u00e9e<br>\u2013 Gestion d\u2019une liste d\u2019opposition&nbsp;: 3 ans<br><br>En cas d\u2019exercice du droit d\u2019acc\u00e8s ou de rectification, les donn\u00e9es relatives aux pi\u00e8ces d\u2019identit\u00e9 peuvent \u00eatre conserv\u00e9es pendant un an.<\/p>\n\n\n\n<p><strong>Politique en mati\u00e8re de cookies<\/strong>&nbsp;: Un cookie est un petit fichier texte (un traceur) qui est plac\u00e9 ou stock\u00e9 sur le terminal de l\u2019utilisateur (ordinateur, tablette ou appareil mobile) lorsqu\u2019il visite le Site. Le cookie permet au site de le reconna\u00eetre, de l\u2019aider \u00e0 naviguer de page en page sur un site internet, lui fournir des connexions s\u00e9curis\u00e9es, se souvient de ses pr\u00e9f\u00e9rences lors de ses prochaines visites.<br>Le responsable de traitement utilise des cookies strictement n\u00e9cessaires \u00e0 la fourniture des services en ligne ainsi que des cookies \u00e0 des fins de mesures d\u2019audience.<br>\u00ab&nbsp;Le responsable de traitement utilise des cookies suivants n\u00e9cessitant le consentement de la Personne concern\u00e9e :<\/p>\n\n\n\n<ul><li>Cookies de mesures d\u2019audience : Tant que l\u2019internaute n\u2019a pas donn\u00e9 son consentement, ces cookies ne sont pas d\u00e9pos\u00e9s et lus. Lorsque l\u2019internaute acc\u00e8de au site, un bandeau d\u2019information et de recueil de consentement appara\u00eet. Ce bandeau est maintenu tant que l\u2019utilisateur n\u2019a pas poursuivi sa navigation, c\u2019est-\u00e0-dire tant qu\u2019il ne s\u2019est pas rendu sur une autre page du site ou n\u2019a pas cliqu\u00e9 sur un \u00e9l\u00e9ment du site (image, lien, bouton \u00ab&nbsp;rechercher&nbsp;\u00bb). Le bandeau d\u2019information pr\u00e9voit un renvoi de l\u2019internaute vers les choix d\u2019opposition pour les cookies n\u00e9cessitant un consentement.<\/li><\/ul>\n\n\n\n<p><strong>Sort des donn\u00e9es \u00e0 caract\u00e8re personnel apr\u00e8s le d\u00e9c\u00e8s<\/strong>&nbsp;: La Personne concern\u00e9e par un traitement peut d\u00e9finir des directives relatives \u00e0 la conservation, \u00e0 l\u2019effacement et \u00e0 la communication de ses donn\u00e9es personnelles apr\u00e8s son d\u00e9c\u00e8s. Ces directives peuvent \u00eatre g\u00e9n\u00e9rales ou particuli\u00e8res. Elles doivent \u00eatre transmises \u00e0&nbsp;<a href=\"mailto:carole.chevalier@humanaco.fr\">carole.chevalier@humanaco.fr<\/a> et  <a href=\"mailto:michelle.zouari@gmail.com\">michelle.zouari@gmail.com<\/a>.<\/p>\n\n\n\n<p><strong>D\u00e9rogation au droit d\u2019information<\/strong>&nbsp;: Lorsque des donn\u00e9es \u00e0 caract\u00e8re personnel n\u2019ont pas \u00e9t\u00e9 collect\u00e9es aupr\u00e8s de la Personne concern\u00e9e, le responsable de traitement n\u2019a pas \u00e0 informer celle-ci, d\u00e8s lors que ces donn\u00e9es doivent rester confidentielles en vertu du secret professionnel.<\/p>\n\n\n\n<p><strong>Droit des Personnes concern\u00e9es<\/strong>&nbsp;: La Personne concern\u00e9e par un traitement de donn\u00e9es b\u00e9n\u00e9ficie d\u2019un droit d\u2019acc\u00e8s, d\u2019opposition, de rectification, d\u2019effacement, de limitation et de portabilit\u00e9 de ses donn\u00e9es personnelles. La Personne concern\u00e9e a le droit de retirer son consentement \u00e0 tout moment si le consentement constitue la base l\u00e9gale du traitement. Pour exercer ce soir, elle devra adresser son nom et pr\u00e9nom, adresse e-mail ou postale, \u00e0&nbsp;<a href=\"mailto:carole.chevalier@humanaco.fr\">carole.chevalier@humanaco.fr<\/a> et  <a href=\"mailto:michelle.zouari@gmail.com\">michelle.zouari@gmail.com<\/a>. La demande devra \u00eatre sign\u00e9e et accompagn\u00e9e d\u2019un justificatif d\u2019identit\u00e9 en cours de validit\u00e9.<\/p>\n\n\n\n<p><strong>R\u00e9clamation<\/strong>&nbsp;: La Personne concern\u00e9e par un traitement a le droit d\u2019introduire une r\u00e9clamation aupr\u00e8s de l\u2019autorit\u00e9 de contr\u00f4le (CNIL).<\/p>\n","protected":false},"excerpt":{"rendered":"<p>Qui sommes-nous&nbsp;? La pr\u00e9sente politique d\u2019utilisation des donn\u00e9es personnelles est faite conform\u00e9ment aux dispositions de la Loi n\u00b078-17 du 6 janvier 1978, dite \u00ab Loi informatique et libert\u00e9s \u00bb, et du R\u00e8glement\u00a0 G\u00e9n\u00e9ral sur la Protection des Donn\u00e9es Personnelles (\u00ab RGDP \u00bb). Derni\u00e8re mise \u00e0 jour le 13\/08\/2021.Identit\u00e9 et contact [&hellip;]<\/p>\n","protected":false},"author":1,"featured_media":0,"parent":0,"menu_order":0,"comment_status":"closed","ping_status":"open","template":"","meta":[],"yoast_head":"<!-- This site is optimized with the Yoast SEO plugin v17.7.1 - https:\/\/yoast.com\/wordpress\/plugins\/seo\/ -->\n<title>Politique de confidentialit\u00e9 - Les Chemins d&#039;Inspiration<\/title>\n<meta name=\"robots\" content=\"index, follow, max-snippet:-1, max-image-preview:large, max-video-preview:-1\" \/>\n<link rel=\"canonical\" href=\"https:\/\/www.lescheminsdinspiration.fr\/index.php\/politique-de-confidentialite\/\" \/>\n<meta property=\"og:locale\" content=\"fr_FR\" \/>\n<meta property=\"og:type\" content=\"article\" \/>\n<meta property=\"og:title\" content=\"Politique de confidentialit\u00e9 - Les Chemins d&#039;Inspiration\" \/>\n<meta property=\"og:description\" content=\"Qui sommes-nous&nbsp;? La pr\u00e9sente politique d\u2019utilisation des donn\u00e9es personnelles est faite conform\u00e9ment aux dispositions de la Loi n\u00b078-17 du 6 janvier 1978, dite \u00ab Loi informatique et libert\u00e9s \u00bb, et du R\u00e8glement\u00a0 G\u00e9n\u00e9ral sur la Protection des Donn\u00e9es Personnelles (\u00ab RGDP \u00bb). Derni\u00e8re mise \u00e0 jour le 13\/08\/2021.Identit\u00e9 et contact [&hellip;]\" \/>\n<meta property=\"og:url\" content=\"https:\/\/www.lescheminsdinspiration.fr\/index.php\/politique-de-confidentialite\/\" \/>\n<meta property=\"og:site_name\" content=\"Les Chemins d&#039;Inspiration\" \/>\n<meta property=\"article:modified_time\" content=\"2021-11-17T12:25:25+00:00\" \/>\n<meta name=\"twitter:card\" content=\"summary_large_image\" \/>\n<meta name=\"twitter:label1\" content=\"Dur\u00e9e de lecture estim\u00e9e\" \/>\n\t<meta name=\"twitter:data1\" content=\"6 minutes\" \/>\n<script type=\"application\/ld+json\" class=\"yoast-schema-graph\">{\"@context\":\"https:\/\/schema.org\",\"@graph\":[{\"@type\":\"WebSite\",\"@id\":\"https:\/\/www.lescheminsdinspiration.fr\/#website\",\"url\":\"https:\/\/www.lescheminsdinspiration.fr\/\",\"name\":\"Les Chemins d&#039;Inspiration\",\"description\":\"Nous vous accompagnons sur votre chemin personnel\",\"potentialAction\":[{\"@type\":\"SearchAction\",\"target\":{\"@type\":\"EntryPoint\",\"urlTemplate\":\"https:\/\/www.lescheminsdinspiration.fr\/?s={search_term_string}\"},\"query-input\":\"required name=search_term_string\"}],\"inLanguage\":\"fr-FR\"},{\"@type\":\"WebPage\",\"@id\":\"https:\/\/www.lescheminsdinspiration.fr\/index.php\/politique-de-confidentialite\/#webpage\",\"url\":\"https:\/\/www.lescheminsdinspiration.fr\/index.php\/politique-de-confidentialite\/\",\"name\":\"Politique de confidentialit\\u00e9 - Les Chemins d&#039;Inspiration\",\"isPartOf\":{\"@id\":\"https:\/\/www.lescheminsdinspiration.fr\/#website\"},\"datePublished\":\"2021-08-07T11:46:27+00:00\",\"dateModified\":\"2021-11-17T12:25:25+00:00\",\"breadcrumb\":{\"@id\":\"https:\/\/www.lescheminsdinspiration.fr\/index.php\/politique-de-confidentialite\/#breadcrumb\"},\"inLanguage\":\"fr-FR\",\"potentialAction\":[{\"@type\":\"ReadAction\",\"target\":[\"https:\/\/www.lescheminsdinspiration.fr\/index.php\/politique-de-confidentialite\/\"]}]},{\"@type\":\"BreadcrumbList\",\"@id\":\"https:\/\/www.lescheminsdinspiration.fr\/index.php\/politique-de-confidentialite\/#breadcrumb\",\"itemListElement\":[{\"@type\":\"ListItem\",\"position\":1,\"name\":\"Accueil\",\"item\":\"https:\/\/www.lescheminsdinspiration.fr\/\"},{\"@type\":\"ListItem\",\"position\":2,\"name\":\"Politique de confidentialit\\u00e9\"}]}]}<\/script>\n<!-- \/ Yoast SEO plugin. -->","yoast_head_json":{"title":"Politique de confidentialit\u00e9 - Les Chemins d&#039;Inspiration","robots":{"index":"index","follow":"follow","max-snippet":"max-snippet:-1","max-image-preview":"max-image-preview:large","max-video-preview":"max-video-preview:-1"},"canonical":"https:\/\/www.lescheminsdinspiration.fr\/index.php\/politique-de-confidentialite\/","og_locale":"fr_FR","og_type":"article","og_title":"Politique de confidentialit\u00e9 - Les Chemins d&#039;Inspiration","og_description":"Qui sommes-nous&nbsp;? La pr\u00e9sente politique d\u2019utilisation des donn\u00e9es personnelles est faite conform\u00e9ment aux dispositions de la Loi n\u00b078-17 du 6 janvier 1978, dite \u00ab Loi informatique et libert\u00e9s \u00bb, et du R\u00e8glement\u00a0 G\u00e9n\u00e9ral sur la Protection des Donn\u00e9es Personnelles (\u00ab RGDP \u00bb). Derni\u00e8re mise \u00e0 jour le 13\/08\/2021.Identit\u00e9 et contact [&hellip;]","og_url":"https:\/\/www.lescheminsdinspiration.fr\/index.php\/politique-de-confidentialite\/","og_site_name":"Les Chemins d&#039;Inspiration","article_modified_time":"2021-11-17T12:25:25+00:00","twitter_card":"summary_large_image","twitter_misc":{"Dur\u00e9e de lecture estim\u00e9e":"6 minutes"},"schema":{"@context":"https:\/\/schema.org","@graph":[{"@type":"WebSite","@id":"https:\/\/www.lescheminsdinspiration.fr\/#website","url":"https:\/\/www.lescheminsdinspiration.fr\/","name":"Les Chemins d&#039;Inspiration","description":"Nous vous accompagnons sur votre chemin personnel","potentialAction":[{"@type":"SearchAction","target":{"@type":"EntryPoint","urlTemplate":"https:\/\/www.lescheminsdinspiration.fr\/?s={search_term_string}"},"query-input":"required name=search_term_string"}],"inLanguage":"fr-FR"},{"@type":"WebPage","@id":"https:\/\/www.lescheminsdinspiration.fr\/index.php\/politique-de-confidentialite\/#webpage","url":"https:\/\/www.lescheminsdinspiration.fr\/index.php\/politique-de-confidentialite\/","name":"Politique de confidentialit\u00e9 - Les Chemins d&#039;Inspiration","isPartOf":{"@id":"https:\/\/www.lescheminsdinspiration.fr\/#website"},"datePublished":"2021-08-07T11:46:27+00:00","dateModified":"2021-11-17T12:25:25+00:00","breadcrumb":{"@id":"https:\/\/www.lescheminsdinspiration.fr\/index.php\/politique-de-confidentialite\/#breadcrumb"},"inLanguage":"fr-FR","potentialAction":[{"@type":"ReadAction","target":["https:\/\/www.lescheminsdinspiration.fr\/index.php\/politique-de-confidentialite\/"]}]},{"@type":"BreadcrumbList","@id":"https:\/\/www.lescheminsdinspiration.fr\/index.php\/politique-de-confidentialite\/#breadcrumb","itemListElement":[{"@type":"ListItem","position":1,"name":"Accueil","item":"https:\/\/www.lescheminsdinspiration.fr\/"},{"@type":"ListItem","position":2,"name":"Politique de confidentialit\u00e9"}]}]}},"_links":{"self":[{"href":"https:\/\/www.lescheminsdinspiration.fr\/index.php\/wp-json\/wp\/v2\/pages\/3"}],"collection":[{"href":"https:\/\/www.lescheminsdinspiration.fr\/index.php\/wp-json\/wp\/v2\/pages"}],"about":[{"href":"https:\/\/www.lescheminsdinspiration.fr\/index.php\/wp-json\/wp\/v2\/types\/page"}],"author":[{"embeddable":true,"href":"https:\/\/www.lescheminsdinspiration.fr\/index.php\/wp-json\/wp\/v2\/users\/1"}],"replies":[{"embeddable":true,"href":"https:\/\/www.lescheminsdinspiration.fr\/index.php\/wp-json\/wp\/v2\/comments?post=3"}],"version-history":[{"count":3,"href":"https:\/\/www.lescheminsdinspiration.fr\/index.php\/wp-json\/wp\/v2\/pages\/3\/revisions"}],"predecessor-version":[{"id":412,"href":"https:\/\/www.lescheminsdinspiration.fr\/index.php\/wp-json\/wp\/v2\/pages\/3\/revisions\/412"}],"wp:attachment":[{"href":"https:\/\/www.lescheminsdinspiration.fr\/index.php\/wp-json\/wp\/v2\/media?parent=3"}],"curies":[{"name":"wp","href":"https:\/\/api.w.org\/{rel}","templated":true}]}}